{"id":2229,"date":"2024-09-21T17:07:25","date_gmt":"2024-09-21T17:07:25","guid":{"rendered":"https:\/\/vaikasinternete.lt\/?page_id=2229"},"modified":"2024-09-26T17:03:17","modified_gmt":"2024-09-26T17:03:17","slug":"metodiniai-vadovai","status":"publish","type":"page","link":"https:\/\/vaikasinternete.lt\/?page_id=2229","title":{"rendered":"Metodiniai vadovai"},"content":{"rendered":"<section class=\"wpb-content-wrapper\"><p>[vc_row][vc_column][vc_column_text]<\/p>\r\n\r\n<p>&nbsp;<\/p>\r\n<p>Vienas i\u0161 pagrindini\u0173 projekto u\u017edavini\u0173 sukurti metodinius vadovus t\u0117vams, auginantiems vaikus iki 7 met\u0173 am\u017eiaus, ir visuomen\u0117s sveikatos specialistams, dirbantiems ikimokyklinio ir prie\u0161mokyklinio ugdymo \u012fstaigose. Metodiniai vadovai parengti panaudojant naujausi\u0105 mokslo \u017einiomis gr\u012fst\u0105 informacij\u0105.\u00a0<\/p>\r\n<p><span style=\"text-decoration: underline;\"><strong>Kvie\u010diame susipa\u017einti:<\/strong><\/span><\/p>\r\n<ul>\r\n<li><a href=\"https:\/\/vaikasinternete.lt\/?page_id=2265\">METODINIS VADOVAS T\u0116VAMS<\/a><\/li>\r\n<li><a href=\"https:\/\/vaikasinternete.lt\/?page_id=2269\">METODINIS VADOVAS VISUOMEN\u0116S SVEIKATOS SPECIALISTAMS<\/a><\/li>\r\n<\/ul>\r\n<p>&nbsp;<\/p>\r\n\r\n\r\n\r\n<p>[\/vc_column_text][\/vc_column][\/vc_row]<\/p>\r\n<\/section>","protected":false},"excerpt":{"rendered":"<p>[vc_row][vc_column][vc_column_text] &nbsp; Vienas i\u0161 pagrindini\u0173 projekto u\u017edavini\u0173 sukurti metodinius vadovus t\u0117vams, auginantiems vaikus iki 7 met\u0173 am\u017eiaus, ir visuomen\u0117s sveikatos specialistams, dirbantiems ikimokyklinio ir prie\u0161mokyklinio ugdymo \u012fstaigose. Metodiniai vadovai parengti panaudojant naujausi\u0105 mokslo \u017einiomis gr\u012fst\u0105 informacij\u0105.\u00a0 Kvie\u010diame susipa\u017einti: METODINIS VADOVAS T\u0116VAMS METODINIS VADOVAS VISUOMEN\u0116S SVEIKATOS SPECIALISTAMS &nbsp; [\/vc_column_text][\/vc_column][\/vc_row]<\/p>\n","protected":false},"author":1,"featured_media":0,"parent":0,"menu_order":0,"comment_status":"closed","ping_status":"closed","template":"page-templates\/template-2024.php","meta":{"_editorskit_title_hidden":false,"_editorskit_reading_time":0,"_editorskit_is_block_options_detached":false,"_editorskit_block_options_position":"{}","footnotes":""},"class_list":["post-2229","page","type-page","status-publish","hentry"],"yoast_head":"<!-- This site is optimized with the Yoast SEO Premium plugin v19.5 (Yoast SEO v23.4) - https:\/\/yoast.com\/wordpress\/plugins\/seo\/ -->\n<title>Metodiniai vadovai - Vaikas internete<\/title>\n<meta name=\"robots\" content=\"index, follow, max-snippet:-1, max-image-preview:large, max-video-preview:-1\" \/>\n<link rel=\"canonical\" href=\"https:\/\/vaikasinternete.lt\/?page_id=2229\" \/>\n<meta property=\"og:locale\" content=\"lt_LT\" \/>\n<meta property=\"og:type\" content=\"article\" \/>\n<meta property=\"og:title\" content=\"Metodiniai vadovai\" \/>\n<meta property=\"og:description\" content=\"[vc_row][vc_column][vc_column_text] &nbsp; Vienas i\u0161 pagrindini\u0173 projekto u\u017edavini\u0173 sukurti metodinius vadovus t\u0117vams, auginantiems vaikus iki 7 met\u0173 am\u017eiaus, ir visuomen\u0117s sveikatos specialistams, dirbantiems ikimokyklinio ir prie\u0161mokyklinio ugdymo \u012fstaigose. Metodiniai vadovai parengti panaudojant naujausi\u0105 mokslo \u017einiomis gr\u012fst\u0105 informacij\u0105.\u00a0 Kvie\u010diame susipa\u017einti: METODINIS VADOVAS T\u0116VAMS METODINIS VADOVAS VISUOMEN\u0116S SVEIKATOS SPECIALISTAMS &nbsp; [\/vc_column_text][\/vc_column][\/vc_row]\" \/>\n<meta property=\"og:url\" content=\"https:\/\/vaikasinternete.lt\/?page_id=2229\" \/>\n<meta property=\"og:site_name\" content=\"Vaikas internete\" \/>\n<meta property=\"article:modified_time\" content=\"2024-09-26T17:03:17+00:00\" \/>\n<meta name=\"twitter:card\" content=\"summary_large_image\" \/>\n<meta name=\"twitter:label1\" content=\"Est. reading time\" \/>\n\t<meta name=\"twitter:data1\" content=\"1 minut\u0117\" \/>\n<script type=\"application\/ld+json\" class=\"yoast-schema-graph\">{\"@context\":\"https:\/\/schema.org\",\"@graph\":[{\"@type\":\"WebPage\",\"@id\":\"https:\/\/vaikasinternete.lt\/?page_id=2229\",\"url\":\"https:\/\/vaikasinternete.lt\/?page_id=2229\",\"name\":\"Metodiniai vadovai - Vaikas internete\",\"isPartOf\":{\"@id\":\"https:\/\/vaikasinternete.lt\/#website\"},\"datePublished\":\"2024-09-21T17:07:25+00:00\",\"dateModified\":\"2024-09-26T17:03:17+00:00\",\"breadcrumb\":{\"@id\":\"https:\/\/vaikasinternete.lt\/?page_id=2229#breadcrumb\"},\"inLanguage\":\"lt-LT\",\"potentialAction\":[{\"@type\":\"ReadAction\",\"target\":[\"https:\/\/vaikasinternete.lt\/?page_id=2229\"]}]},{\"@type\":\"BreadcrumbList\",\"@id\":\"https:\/\/vaikasinternete.lt\/?page_id=2229#breadcrumb\",\"itemListElement\":[{\"@type\":\"ListItem\",\"position\":1,\"name\":\"Home\",\"item\":\"https:\/\/vaikasinternete.lt\/\"},{\"@type\":\"ListItem\",\"position\":2,\"name\":\"Metodiniai vadovai\"}]},{\"@type\":\"WebSite\",\"@id\":\"https:\/\/vaikasinternete.lt\/#website\",\"url\":\"https:\/\/vaikasinternete.lt\/\",\"name\":\"Vaikas internete\",\"description\":\"Saugesniam rytojui\",\"potentialAction\":[{\"@type\":\"SearchAction\",\"target\":{\"@type\":\"EntryPoint\",\"urlTemplate\":\"https:\/\/vaikasinternete.lt\/?s={search_term_string}\"},\"query-input\":{\"@type\":\"PropertyValueSpecification\",\"valueRequired\":true,\"valueName\":\"search_term_string\"}}],\"inLanguage\":\"lt-LT\"}]}<\/script>\n<!-- \/ Yoast SEO Premium plugin. -->","yoast_head_json":{"title":"Metodiniai vadovai - Vaikas internete","robots":{"index":"index","follow":"follow","max-snippet":"max-snippet:-1","max-image-preview":"max-image-preview:large","max-video-preview":"max-video-preview:-1"},"canonical":"https:\/\/vaikasinternete.lt\/?page_id=2229","og_locale":"lt_LT","og_type":"article","og_title":"Metodiniai vadovai","og_description":"[vc_row][vc_column][vc_column_text] &nbsp; Vienas i\u0161 pagrindini\u0173 projekto u\u017edavini\u0173 sukurti metodinius vadovus t\u0117vams, auginantiems vaikus iki 7 met\u0173 am\u017eiaus, ir visuomen\u0117s sveikatos specialistams, dirbantiems ikimokyklinio ir prie\u0161mokyklinio ugdymo \u012fstaigose. Metodiniai vadovai parengti panaudojant naujausi\u0105 mokslo \u017einiomis gr\u012fst\u0105 informacij\u0105.\u00a0 Kvie\u010diame susipa\u017einti: METODINIS VADOVAS T\u0116VAMS METODINIS VADOVAS VISUOMEN\u0116S SVEIKATOS SPECIALISTAMS &nbsp; [\/vc_column_text][\/vc_column][\/vc_row]","og_url":"https:\/\/vaikasinternete.lt\/?page_id=2229","og_site_name":"Vaikas internete","article_modified_time":"2024-09-26T17:03:17+00:00","twitter_card":"summary_large_image","twitter_misc":{"Est. reading time":"1 minut\u0117"},"schema":{"@context":"https:\/\/schema.org","@graph":[{"@type":"WebPage","@id":"https:\/\/vaikasinternete.lt\/?page_id=2229","url":"https:\/\/vaikasinternete.lt\/?page_id=2229","name":"Metodiniai vadovai - Vaikas internete","isPartOf":{"@id":"https:\/\/vaikasinternete.lt\/#website"},"datePublished":"2024-09-21T17:07:25+00:00","dateModified":"2024-09-26T17:03:17+00:00","breadcrumb":{"@id":"https:\/\/vaikasinternete.lt\/?page_id=2229#breadcrumb"},"inLanguage":"lt-LT","potentialAction":[{"@type":"ReadAction","target":["https:\/\/vaikasinternete.lt\/?page_id=2229"]}]},{"@type":"BreadcrumbList","@id":"https:\/\/vaikasinternete.lt\/?page_id=2229#breadcrumb","itemListElement":[{"@type":"ListItem","position":1,"name":"Home","item":"https:\/\/vaikasinternete.lt\/"},{"@type":"ListItem","position":2,"name":"Metodiniai vadovai"}]},{"@type":"WebSite","@id":"https:\/\/vaikasinternete.lt\/#website","url":"https:\/\/vaikasinternete.lt\/","name":"Vaikas internete","description":"Saugesniam rytojui","potentialAction":[{"@type":"SearchAction","target":{"@type":"EntryPoint","urlTemplate":"https:\/\/vaikasinternete.lt\/?s={search_term_string}"},"query-input":{"@type":"PropertyValueSpecification","valueRequired":true,"valueName":"search_term_string"}}],"inLanguage":"lt-LT"}]}},"_links":{"self":[{"href":"https:\/\/vaikasinternete.lt\/index.php?rest_route=\/wp\/v2\/pages\/2229"}],"collection":[{"href":"https:\/\/vaikasinternete.lt\/index.php?rest_route=\/wp\/v2\/pages"}],"about":[{"href":"https:\/\/vaikasinternete.lt\/index.php?rest_route=\/wp\/v2\/types\/page"}],"author":[{"embeddable":true,"href":"https:\/\/vaikasinternete.lt\/index.php?rest_route=\/wp\/v2\/users\/1"}],"replies":[{"embeddable":true,"href":"https:\/\/vaikasinternete.lt\/index.php?rest_route=%2Fwp%2Fv2%2Fcomments&post=2229"}],"version-history":[{"count":7,"href":"https:\/\/vaikasinternete.lt\/index.php?rest_route=\/wp\/v2\/pages\/2229\/revisions"}],"predecessor-version":[{"id":2279,"href":"https:\/\/vaikasinternete.lt\/index.php?rest_route=\/wp\/v2\/pages\/2229\/revisions\/2279"}],"wp:attachment":[{"href":"https:\/\/vaikasinternete.lt\/index.php?rest_route=%2Fwp%2Fv2%2Fmedia&parent=2229"}],"curies":[{"name":"wp","href":"https:\/\/api.w.org\/{rel}","templated":true}]}}